{"id":37,"date":"2015-04-07T14:32:17","date_gmt":"2015-04-07T12:32:17","guid":{"rendered":"http:\/\/from.hr\/kuzma-kovacic\/?page_id=37"},"modified":"2017-03-23T19:18:15","modified_gmt":"2017-03-23T18:18:15","slug":"zivotopis","status":"publish","type":"page","link":"http:\/\/kuzma-kovacic.from.hr\/?page_id=37","title":{"rendered":"\u017divotopis \/ Biografia"},"content":{"rendered":"<p style=\"text-align: justify\"><a href=\"http:\/\/kuzma-kovacic.from.hr\/files\/2015\/04\/110.jpg\"><img loading=\"lazy\" class=\"alignnone wp-image-185 size-medium\" src=\"http:\/\/kuzma-kovacic.from.hr\/files\/2015\/04\/110-200x300.jpg\" alt=\"110\" height=\"300\" width=\"200\" srcset=\"http:\/\/kuzma-kovacic.from.hr\/files\/2015\/04\/110-200x300.jpg 200w, http:\/\/kuzma-kovacic.from.hr\/files\/2015\/04\/110.jpg 427w\" sizes=\"(max-width: 200px) 100vw, 200px\" \/><\/a><\/p>\n<h1 style=\"text-align: justify\"><a href=\"http:\/\/kuzma-kovacic.from.hr\/?page_id=210\">\u017divotopis<\/a><\/h1>\n<h1 style=\"text-align: justify\"><a href=\"http:\/\/kuzma-kovacic.from.hr\/?page_id=189\">Biografia<\/a><\/h1>\n<p><a href=\"http:\/\/kuzma-kovacic.from.hr\/files\/2015\/04\/cropped-image.jpg\"><img loading=\"lazy\" class=\"alignnone size-full wp-image-28\" src=\"http:\/\/kuzma-kovacic.from.hr\/files\/2015\/04\/cropped-image.jpg\" alt=\"cropped-image.jpg\" height=\"336\" width=\"1000\" srcset=\"http:\/\/kuzma-kovacic.from.hr\/files\/2015\/04\/cropped-image.jpg 1000w, http:\/\/kuzma-kovacic.from.hr\/files\/2015\/04\/cropped-image-300x100.jpg 300w, http:\/\/kuzma-kovacic.from.hr\/files\/2015\/04\/cropped-image-500x168.jpg 500w\" sizes=\"(max-width: 1000px) 100vw, 1000px\" \/><\/a><\/p>\n","protected":false},"excerpt":{"rendered":"<p>\u017divotopis Biografia<\/p>\n","protected":false},"author":1627,"featured_media":0,"parent":0,"menu_order":2,"comment_status":"closed","ping_status":"closed","template":"","meta":{"ngg_post_thumbnail":0},"yoast_head":"<!-- This site is optimized with the Yoast SEO plugin v17.5 - https:\/\/yoast.com\/wordpress\/plugins\/seo\/ -->\n<meta name=\"robots\" content=\"index, follow, max-snippet:-1, max-image-preview:large, max-video-preview:-1\" \/>\n<link rel=\"canonical\" href=\"http:\/\/kuzma-kovacic.from.hr\/?page_id=37\" \/>\n<meta property=\"og:locale\" content=\"hr_HR\" \/>\n<meta property=\"og:type\" content=\"article\" \/>\n<meta property=\"og:title\" content=\"\u017divotopis \/ Biografia - Kuzma Kova\u010di\u0107\" \/>\n<meta property=\"og:description\" content=\"\u017divotopis Biografia\" \/>\n<meta property=\"og:url\" content=\"http:\/\/kuzma-kovacic.from.hr\/?page_id=37\" \/>\n<meta property=\"og:site_name\" content=\"Kuzma Kova\u010di\u0107\" \/>\n<meta property=\"article:modified_time\" content=\"2017-03-23T18:18:15+00:00\" \/>\n<meta property=\"og:image\" content=\"http:\/\/kuzma-kovacic.from.hr\/files\/2015\/04\/110-200x300.jpg\" \/>\n<meta name=\"twitter:card\" content=\"summary\" \/>\n<script type=\"application\/ld+json\" class=\"yoast-schema-graph\">{\"@context\":\"https:\/\/schema.org\",\"@graph\":[{\"@type\":\"WebSite\",\"@id\":\"http:\/\/kuzma-kovacic.from.hr\/#website\",\"url\":\"http:\/\/kuzma-kovacic.from.hr\/\",\"name\":\"Kuzma Kova\\u010di\\u0107\",\"description\":\"akademski kipar\",\"potentialAction\":[{\"@type\":\"SearchAction\",\"target\":{\"@type\":\"EntryPoint\",\"urlTemplate\":\"http:\/\/kuzma-kovacic.from.hr\/?s={search_term_string}\"},\"query-input\":\"required name=search_term_string\"}],\"inLanguage\":\"hr\"},{\"@type\":\"ImageObject\",\"@id\":\"http:\/\/kuzma-kovacic.from.hr\/?page_id=37#primaryimage\",\"inLanguage\":\"hr\",\"url\":\"http:\/\/kuzma-kovacic.from.hr\/files\/2015\/04\/110-200x300.jpg\",\"contentUrl\":\"http:\/\/kuzma-kovacic.from.hr\/files\/2015\/04\/110-200x300.jpg\"},{\"@type\":\"WebPage\",\"@id\":\"http:\/\/kuzma-kovacic.from.hr\/?page_id=37#webpage\",\"url\":\"http:\/\/kuzma-kovacic.from.hr\/?page_id=37\",\"name\":\"\\u017divotopis \/ Biografia - Kuzma Kova\\u010di\\u0107\",\"isPartOf\":{\"@id\":\"http:\/\/kuzma-kovacic.from.hr\/#website\"},\"primaryImageOfPage\":{\"@id\":\"http:\/\/kuzma-kovacic.from.hr\/?page_id=37#primaryimage\"},\"datePublished\":\"2015-04-07T12:32:17+00:00\",\"dateModified\":\"2017-03-23T18:18:15+00:00\",\"breadcrumb\":{\"@id\":\"http:\/\/kuzma-kovacic.from.hr\/?page_id=37#breadcrumb\"},\"inLanguage\":\"hr\",\"potentialAction\":[{\"@type\":\"ReadAction\",\"target\":[\"http:\/\/kuzma-kovacic.from.hr\/?page_id=37\"]}]},{\"@type\":\"BreadcrumbList\",\"@id\":\"http:\/\/kuzma-kovacic.from.hr\/?page_id=37#breadcrumb\",\"itemListElement\":[{\"@type\":\"ListItem\",\"position\":1,\"name\":\"Home\",\"item\":\"http:\/\/kuzma-kovacic.from.hr\/\"},{\"@type\":\"ListItem\",\"position\":2,\"name\":\"\\u017divotopis \/ Biografia\"}]}]}<\/script>\n<!-- \/ Yoast SEO plugin. -->","yoast_head_json":{"robots":{"index":"index","follow":"follow","max-snippet":"max-snippet:-1","max-image-preview":"max-image-preview:large","max-video-preview":"max-video-preview:-1"},"canonical":"http:\/\/kuzma-kovacic.from.hr\/?page_id=37","og_locale":"hr_HR","og_type":"article","og_title":"\u017divotopis \/ Biografia - Kuzma Kova\u010di\u0107","og_description":"\u017divotopis Biografia","og_url":"http:\/\/kuzma-kovacic.from.hr\/?page_id=37","og_site_name":"Kuzma Kova\u010di\u0107","article_modified_time":"2017-03-23T18:18:15+00:00","og_image":[{"url":"http:\/\/kuzma-kovacic.from.hr\/files\/2015\/04\/110-200x300.jpg"}],"twitter_card":"summary","schema":{"@context":"https:\/\/schema.org","@graph":[{"@type":"WebSite","@id":"http:\/\/kuzma-kovacic.from.hr\/#website","url":"http:\/\/kuzma-kovacic.from.hr\/","name":"Kuzma Kova\u010di\u0107","description":"akademski kipar","potentialAction":[{"@type":"SearchAction","target":{"@type":"EntryPoint","urlTemplate":"http:\/\/kuzma-kovacic.from.hr\/?s={search_term_string}"},"query-input":"required name=search_term_string"}],"inLanguage":"hr"},{"@type":"ImageObject","@id":"http:\/\/kuzma-kovacic.from.hr\/?page_id=37#primaryimage","inLanguage":"hr","url":"http:\/\/kuzma-kovacic.from.hr\/files\/2015\/04\/110-200x300.jpg","contentUrl":"http:\/\/kuzma-kovacic.from.hr\/files\/2015\/04\/110-200x300.jpg"},{"@type":"WebPage","@id":"http:\/\/kuzma-kovacic.from.hr\/?page_id=37#webpage","url":"http:\/\/kuzma-kovacic.from.hr\/?page_id=37","name":"\u017divotopis \/ Biografia - Kuzma Kova\u010di\u0107","isPartOf":{"@id":"http:\/\/kuzma-kovacic.from.hr\/#website"},"primaryImageOfPage":{"@id":"http:\/\/kuzma-kovacic.from.hr\/?page_id=37#primaryimage"},"datePublished":"2015-04-07T12:32:17+00:00","dateModified":"2017-03-23T18:18:15+00:00","breadcrumb":{"@id":"http:\/\/kuzma-kovacic.from.hr\/?page_id=37#breadcrumb"},"inLanguage":"hr","potentialAction":[{"@type":"ReadAction","target":["http:\/\/kuzma-kovacic.from.hr\/?page_id=37"]}]},{"@type":"BreadcrumbList","@id":"http:\/\/kuzma-kovacic.from.hr\/?page_id=37#breadcrumb","itemListElement":[{"@type":"ListItem","position":1,"name":"Home","item":"http:\/\/kuzma-kovacic.from.hr\/"},{"@type":"ListItem","position":2,"name":"\u017divotopis \/ Biografia"}]}]}},"_links":{"self":[{"href":"http:\/\/kuzma-kovacic.from.hr\/index.php?rest_route=\/wp\/v2\/pages\/37"}],"collection":[{"href":"http:\/\/kuzma-kovacic.from.hr\/index.php?rest_route=\/wp\/v2\/pages"}],"about":[{"href":"http:\/\/kuzma-kovacic.from.hr\/index.php?rest_route=\/wp\/v2\/types\/page"}],"author":[{"embeddable":true,"href":"http:\/\/kuzma-kovacic.from.hr\/index.php?rest_route=\/wp\/v2\/users\/1627"}],"replies":[{"embeddable":true,"href":"http:\/\/kuzma-kovacic.from.hr\/index.php?rest_route=%2Fwp%2Fv2%2Fcomments&post=37"}],"version-history":[{"count":17,"href":"http:\/\/kuzma-kovacic.from.hr\/index.php?rest_route=\/wp\/v2\/pages\/37\/revisions"}],"predecessor-version":[{"id":586,"href":"http:\/\/kuzma-kovacic.from.hr\/index.php?rest_route=\/wp\/v2\/pages\/37\/revisions\/586"}],"wp:attachment":[{"href":"http:\/\/kuzma-kovacic.from.hr\/index.php?rest_route=%2Fwp%2Fv2%2Fmedia&parent=37"}],"curies":[{"name":"wp","href":"https:\/\/api.w.org\/{rel}","templated":true}]}}