{"id":123,"date":"2016-12-25T17:54:40","date_gmt":"2016-12-25T16:54:40","guid":{"rendered":"http:\/\/kuzma-kovacic.from.hr\/?page_id=123"},"modified":"2016-12-28T23:15:46","modified_gmt":"2016-12-28T22:15:46","slug":"medalje-plakete-i-kovani-novac","status":"publish","type":"page","link":"http:\/\/kuzma-kovacic.from.hr\/?page_id=123","title":{"rendered":"Kovani novac, medalje i plakete"},"content":{"rendered":"<p><strong>a) IZVEDENI<\/strong><\/p>\n<p>MEDALJA \u201eLiturgijska obnova u Hrvata\u201c, 1986.<br \/>\nkovana, jednostrana (tombak, posrebrena, pozla\u0107ena); f. 6,6 cm<br \/>\nHvar \/ \u017dupa Hvar<\/p>\n<p>MEDALJA \u201e450 godina \u017dupe Vis\u201c, 1987.<br \/>\nkovana, jednostrana (tombak, posrebrena, pozla\u0107ena); f. 6,2 cm<br \/>\nHvar \/ \u017dupa Vis<\/p>\n<p>PLAKETA \u201eVratnice Hvarske katedrale\u201c, 1990.<br \/>\nbronca; 12 x 10,5 cm<br \/>\nHvar \/ Split<\/p>\n<p>PLAKETA, \u201eVjesnikova nagrada\u201c, 1993.<br \/>\nbronca; cca 25 x 20 cm<br \/>\nHvar \/ \u201eVjesnik\u201c, Zagreb<\/p>\n<p>OPTJECAJNI KOVANI NOVAC REPUBLIKE HRVATSKE, 1993.\/1994.<br \/>\n<a href=\"http:\/\/www.hnb.hr\/novac\/kovanice\/apoeni\/1-lipa\">1 lipa<\/a> (lice i nali\u010dje); aluminij, f. 17 mm<br \/>\n<a href=\"http:\/\/www.hnb.hr\/novac\/kovanice\/apoeni\/2-lipe\">2 lipe<\/a> (lice i nali\u010dje); aluminij, f. 19 mm<br \/>\n<a href=\"http:\/\/www.hnb.hr\/novac\/kovanice\/apoeni\/5-lipa\">5 lipa<\/a> (lice i nali\u010dje); tombak, f. 18 mm<br \/>\n<a href=\"http:\/\/www.hnb.hr\/novac\/kovanice\/apoeni\/10-lipa\">10 lipa<\/a> (lice i nali\u010dje); tombak, f. 20 mm<br \/>\n<a href=\"http:\/\/www.hnb.hr\/novac\/kovanice\/apoeni\/20-lipa\">20 lipa<\/a> (lice i nali\u010dje); nikal, f. 18,5 mm<br \/>\n<a href=\"http:\/\/www.hnb.hr\/novac\/kovanice\/apoeni\/50-lipa\">50 lipa<\/a> (lice i nali\u010dje); nikal, f. 20,5 mm<br \/>\n<a href=\"http:\/\/www.hnb.hr\/novac\/kovanice\/apoeni\/1-kuna\">1 kuna<\/a> (lice i nali\u010dje); alpaka, f. 22,5 mm<br \/>\n<a href=\"http:\/\/www.hnb.hr\/novac\/kovanice\/apoeni\/2-kune\">2 kune<\/a> (lice i nali\u010dje); alpaka, f. 24,5 mm<br \/>\n<a href=\"http:\/\/www.hnb.hr\/novac\/kovanice\/apoeni\/5-kuna\">5 kuna<\/a> (lice i nali\u010dje); alpaka, f. 26,5 mm<br \/>\nSplit \/ Hrvatska narodna banka, Zagreb<\/p>\n<p><a href=\"http:\/\/www.hnb.hr\/-\/kompleti-novcan-25\">PRVI DUKAT REPUBLIKE HRVATSKE \u201eRu\u0111er Bo\u0161kovi\u0107\u201c<\/a>, 1994.<br \/>\nkovanica (lice i nali\u010dje); zlato, f. 20 mm, 3,49 g<br \/>\nZagreb \/ HNB, Zagreb<\/p>\n<p>PLAKETA \u201eVjesnikova plava vrpca\u201c, 1994.<br \/>\nlijevano srebro; 27 x 19 \u00a0cm<br \/>\nZagreb \/ \u201eVjesnik\u201c, Zagreb<\/p>\n<p><a href=\"http:\/\/www.hnz.hr\/ivan-pavao-ii-c288\">PRVI ZLATNI I SREBRENI KOVANI NOVAC REPUBLIKE HRVATSKE \u201ePapa u Hrvatskoj\u201c<\/a>, 1994.<br \/>\nzlato: nominala 1000 kn, f. 25 mm, 7 g;\u00a0 srebro: n. 100 kn, f. 40 mm, 33,63 g<br \/>\nZagreb \/ HNB, Zagreb<\/p>\n<p><a href=\"http:\/\/www.hnz.hr\/dan-drzavnosti-rh-30-svibnja-1990-1995-c289\">KOVANI NOVAC \u201ePet godina hrvatske dr\u017eavnosti\u201c<\/a>, 1995.<br \/>\nzlato: n. 1000 kn, f. 22 mm, 7 g; srebro: n. 200 kn, f. 40 mm, 33,63 g\u00a0 i\u00a0 n. 100 kn, f. 34 mm, 20 g<br \/>\nZagreb \/ HNB, Zagreb<\/p>\n<p>MEDALJA \u201e850 godina Hvarske biskupije\u201c, 1997.<br \/>\njednostrana, kovana (tombak, posrebrena, pozla\u0107ena); f. 6 cm<br \/>\nHvar \/ Hvarska biskupija<\/p>\n<p>MEDALJA \u201ePrix Maruli\u0107\u201c, 1997.<br \/>\nbron\u010dana, dvostrana ; f. 7,8 cm<br \/>\nSplit \/ Festival radio \u2013 drame \u201ePrix Maruli\u0107\u201c, Hvar<\/p>\n<p>MEDALJA \u201ePapa Ivan Pavao II. u Sarajevu\u201c, 1997.<br \/>\njednostrana, kovana (zlato, srebro)<br \/>\nSplit \/ Hrvatski nov\u010darski zavod, Zagreb<\/p>\n<p><a href=\"http:\/\/www.hnz.hr\/u-prigodi-pohoda-svetog-oca-pape-ivana-pavla-ii-17-stoljetnom-splitu-c314\">MEDALJA \u201ePapa Ivan Pavao II. u Splitu&#8221;<\/a>, 1998.<br \/>\ndvostrana, kovana (zlato: f. 18 mm, 3,5 g\u00a0 i\u00a0 f. 16 mm, 1,75 g; srebro: f. 37 mm, 24 g)<br \/>\nSplit \/ HNZ, Zagreb<\/p>\n<p>MEDALJA \u201eLjekarni\u0161tvo u Dalmaciji\u201c, 1998.<br \/>\njednostrana, kovana (tombak; f. 6,6 cm)<br \/>\nHvar \/ Split<\/p>\n<p><a href=\"http:\/\/www.hnz.hr\/15-godisnjica-hrvatskog-novcarskog-zavoda-c351\">MEDALJA \u201eHrvatski nov\u010darski zavod\u201c<\/a>, 1998.<br \/>\ndvostrana, kovana; bronca i nikal (bimetalna), f, 43 mm<br \/>\nSplit \/ Zagreb, HNZ<br \/>\n(jedna strana, a drugu stranu oblikovao je ak. kipar Damir Matau\u0161i\u0107)<\/p>\n<p><a href=\"http:\/\/www.hnz.hr\/100-obljetnica-rodjenja-kardinala-alojzija-stepinca-c298\">KOVANI NOVAC \u201eKardinal Alojzije Stepinac\u201c<\/a>, 1998.<br \/>\nzlato: n. 500 kn, f. 18 mm, 3,5 g<br \/>\nSplit \/ HNB, Zagreb<\/p>\n<p><a href=\"http:\/\/www.hnb.hr\/-\/kompleti-novcan-10\">KOVANI NOVAC \u201eJuraj Julije Klovi\u0107\u201c<\/a>, 1998.<br \/>\nsrebro: n. 200 kn, f. 40 mm, 33,63 g<br \/>\nSplit \/ HNB, Zagreb<\/p>\n<p><a href=\"http:\/\/www.hnb.hr\/-\/kompleti-novcan-15\">KOVANI NOVAC \u201eSlava Ra\u0161kaj\u201c<\/a>, 1999.<br \/>\nsrebro: n. 200 kn, f. 40 mm, 33,63 g<br \/>\nSplit \/ HNB, Zagreb<\/p>\n<p><a href=\"http:\/\/www.hnb.hr\/-\/kompleti-novcan-20\">KOVANI NOVAC \u201eDeseta obljetnica Hrvatskog dr\u017eavnog sabora\u201c<\/a>, 1999.<br \/>\nZlato: n. 500 kn, f. 18 mm, 3,5 g<br \/>\nSplit \/ HNB, Zagreb<br \/>\n(jedna strana, a drugu je oblikovao ak.kipar Ka\u017eimir Hraste)<\/p>\n<p>MEDALJA Vojnog ordinarijata u Republici Hrvatskoj, 2000.<br \/>\nBronca; f. 7,5 cm<br \/>\nSplit, Vojni ordinarijat u RH, Zagreb<\/p>\n<p><a href=\"http:\/\/www.hnz.hr\/mladomisnicka-medalja-c318\">MEDALJA \u201eMladomisni\u010dka medalja\u201c<\/a>, 2001.<br \/>\ndvostrana, kovana (srebro: f. 40 mm, 31,103 g<br \/>\nSplit \/ HNZ, Zagreb<\/p>\n<p>PLAKETA \u201eSonetni dani Hanibala Luci\u0107a\u201c, 2001.<br \/>\nbronca; 23,5 x 15,5 cm<br \/>\nHvar \/ Zagreb i Hvar<\/p>\n<p>PLAKETA \u201eNagrada Hanibal Luci\u0107\u201c, 2002.<br \/>\nbronca; cca 20&#215;15 cm<br \/>\nHvar\/ Hvar, Zagreb<\/p>\n<p>Dekanski lanac Pomorskog fakulteta u Splitu, 2002.<br \/>\nsrebro; du\u017eina cca 60 cm<br \/>\nSplit; Pomorski fakultet, Split<\/p>\n<p><a href=\"http:\/\/www.hnz.hr\/120-obljetnica-rodjenja-kipara-ivana-mestrovica-c329\">MEDALJA \u201eSto godina ro\u0111enja Ivana Me\u0161trovi\u0107a\u201c<\/a>, 2003.<br \/>\ndvostrana, kovana (zlato: f. 4o mm i 31,103 g, f. 25 mm i 7 g, f. 20 mm i 3,49 g; srebro: f. 40 mm i 33,63 g)<br \/>\nSplit \/ HNZ, Zagreb<\/p>\n<p>PLAKETA Dana kr\u0161\u0107anske kulture \u201eNagrada Buvina\u201c, 2004.<br \/>\nbronca; cca 25&#215;20 cm<br \/>\nSplit \/ Verbum, Split<\/p>\n<p><a href=\"http:\/\/www.hnb.hr\/-\/kompleti-novcan-11\">KOVANI NOVAC \u201eZimske olimpijske igre u Italiji 2006.\u201c<\/a>, 2006.<br \/>\nsrebro: n. 150 kn, f. 37 mm, 24 g<br \/>\nSplit \/ HNB, Zagreb<\/p>\n<p><a href=\"http:\/\/www.hnb.hr\/-\/kompleti-novcan-17\">KOVANI NOVAC \u201eSvjetsko nogometno prvenstvo u Njema\u010dkoj 2006.\u201c<\/a>, 2006.<br \/>\nsrebro: n. 150 kn, f. 37 mm, 24 g<br \/>\nSplit, HNB, Zagreb<\/p>\n<p><a href=\"http:\/\/www.hnz.hr\/zavjetna-crkva-sveta-mati-slobode-c355\">MEDALJA Zavjetna crkva Sveta Mati Slobode<\/a>, 2007.<br \/>\ndvostrana, kovana (zlato: f. 37 mm, 31,103 g, f. 20 mm, 3,49 g; srebro: 37 mm, 31,103 g)<br \/>\nSplit \/ HNZ, Zagreb<\/p>\n<p><a href=\"http:\/\/kuzma-kovacic.from.hr\/files\/2016\/12\/16_3.jpg\">MEDALJA\u00a0 Odli\u010dje Matice hrvatske \u201eGrof Janko Dra\u0161kovi\u0107\u201c<\/a>, 2008.<br \/>\nbronca; f. 14,5 cm<br \/>\nSplit \/ Matica hrvatska Zagreb<\/p>\n<p><a href=\"http:\/\/www.hnz.hr\/krstenje-c360\">MEDALJA \u201eKr\u0161tenje\u201c<\/a>, 2008.<br \/>\ndvostrana, kovana (zlato: f 25 mm, 7 g\u00a0 i\u00a0 f. 20 mm, 3.49 g<br \/>\nSplit \/ HNZ, zagreb<\/p>\n<p><a href=\"http:\/\/kuzma-kovacic.from.hr\/files\/2016\/12\/17_3.jpg\">MEDALJA \u201eJubilaeum Kotor 809.-2009. (Sv. Tripun)\u201c<\/a>, 2009.<br \/>\njednostrana, lijevana bronca (tako\u0111er i posrebrena i \u00a0pozla\u0107ena); f. 10 cm<br \/>\nSplit \/ Kotor, Kotorska biskupija<\/p>\n<p>Dekanski lanac Katoli\u010dkog bogoslovnog fakulteta Sveu\u010dili\u0161ta u Splitu, 2009.<br \/>\nSrebro: d. cca 50 cm<br \/>\nSplit i Zagreb \/ KBF, Split<\/p>\n<p><a href=\"http:\/\/www.hnz.hr\/mati-c375\">MEDALJA \u201eMati\u201c<\/a>,2010.\/11.<br \/>\ndvostrana, kovana (zlato: f. 20 mm, 3,49 g<br \/>\nHvar i Split \/ Zagreb HNZ<\/p>\n<p><a href=\"http:\/\/www.hnz.hr\/krizma-c374\">MEDALJA \u201eKrizma\u201c<\/a>, 2010.\/11.<br \/>\ndvostrana, kovana (zlato: f. 20 mm, 3,49 g)<br \/>\nHvar i Split \/ HNZ, Zagreb<\/p>\n<p><a href=\"http:\/\/old.hnb.hr\/numiz\/zla-sre\/sinjaska-alka\/hsinjska-alka.htm\">KOVANI NOVAC \u201e300 godina Sinjske alke\u201c<\/a>, 2015.<br \/>\nzlato<\/p>\n<p><strong>b) MODELI<br \/>\n<\/strong><\/p>\n<p>OPTJECAJNI KOVANI NOVAC REPUBLIKE HRVATSKE<br \/>\n1 lipa (<a href=\"http:\/\/kuzma-kovacic.from.hr\/files\/2016\/12\/2-ab.jpg\">lice<\/a> i nali\u010dje); bronca i gips; f. 15 cm<br \/>\n2 lipe (lice i nali\u010dje); bronca i gips; f. 15 cm<br \/>\n5 lipa (lice i nali\u010dje); bronca i gips; f. 15 cm<br \/>\n10 lipa (lice i nali\u010dje); bronca i gips; f. 15 cm<br \/>\n20 lipa (lice i nali\u010dje); bronca i gips; f. 15 cm<br \/>\n50 lipa (lice i nali\u010dje); bronca i gips; f. 15 cm<br \/>\n1 kuna (<a href=\"http:\/\/kuzma-kovacic.from.hr\/files\/2016\/12\/3a.jpg\">lice<\/a> i <a href=\"http:\/\/kuzma-kovacic.from.hr\/files\/2015\/04\/3-b.jpg\">nali\u010dje<\/a>); bronca i gips; f. 15 cm<br \/>\n2 kune (lice i <a href=\"http:\/\/kuzma-kovacic.from.hr\/files\/2016\/12\/4_1.jpg\">nali\u010dje<\/a>); bronca i gips; f. 15 cm<br \/>\n5 kuna (lice i <a href=\"http:\/\/kuzma-kovacic.from.hr\/files\/2016\/12\/IMG_0065.jpg\">nali\u010dje<\/a>); bronca i gips; f. 15 cm<br \/>\nModeli su vlasni\u0161tvo autora, a jedan komplet bron\u010danih odljeva darovan je predsjedniku R. Hrvatske dr. Franji Tu\u0111manu. Postoji nekoliko varijanti modela (jedan je komplet izra\u0111en od keramike). Jedan je komplet gipsanih odljeva modela pohranjen u HNB. Modeli svih slijede\u0107ih medalja i kovanog novca pohranjeni su i u HNZ.<\/p>\n<p><a href=\"http:\/\/kuzma-kovacic.from.hr\/files\/2016\/12\/7_2.jpg\">PRVI DUKAT REPUBLIKE HRVATSKE<\/a>, 1994.<br \/>\nbronca i gips (lice i nali\u010dje); f. 15 cm<br \/>\nSplit \/ Split (vl. autora)<\/p>\n<p>PLAKETA \u201eVjesnikova plava vrpca\u201c, 1994.<br \/>\ngips i aluminij; 27&#215;23 cm<br \/>\nZagreb \/ Hvar<\/p>\n<p>PRVI ZLATNIK I SREBRENJAK \u00a0REPUBLIKE HRVATSKE \u201ePapa u Hrvatskoj\u201c, 1994.<br \/>\nbronca i gips (lice i nali\u010dje); f. 20 cm<br \/>\nZagreb \/ Split<\/p>\n<p>MEDALJA \u201eSplit\u201c, 1995.<br \/>\ngips (lice i nali\u010dje); f. 15 cm; nije izvedena<br \/>\nSplit \/ Split<\/p>\n<p>KOVANI NOVAC \u201ePet godina hrvatske dr\u017eavnosti\u201c, 1995.<br \/>\ngips; f. 15 cm<br \/>\nZagreb \/ Split<\/p>\n<p>KOVANI NOVAC \u201ePet godina hrvatske dr\u017eavnosti\u201c, 1995.<br \/>\ngips; f. 15 cm; nije izveden<br \/>\n(lice: lik predsjednika dr. Franje Tu\u0111mana)<br \/>\nZagreb \/ Split<\/p>\n<p>MEDALJE \u201eOlimpijske igre u Atlanti\u201c, 1996.<br \/>\ngips; 6 modela lica i nali\u010dja za 6 \u0161portova; f. 15 cm; nije izvedeno<br \/>\nSplit \/ Split<\/p>\n<p>MEDALJA \u201ePapa Ivan Pavao II. u Sarajevu\u201c, 1997.<br \/>\nbronca i gips (lice i nali\u010dje); f. 15 cm<br \/>\nSplit \/ Split<\/p>\n<p>MEDALJA \u201ePapa Ivan Pavao II. u Splitu\u201c, 1998.<br \/>\nbronca i gips (lice i nali\u010dje); f. 15 cm<br \/>\nSplit \/ Split<\/p>\n<p>MEDALJA \u201eHrvatski nov\u010darski zavod\u201c, 1998.<br \/>\ngips (jedna strana); f. cca 15 cm<br \/>\nSplit \/ Split<\/p>\n<p>KOVANI NOVAC \u201eKardinal Alojzije Stepinac\u201c, 1998.<br \/>\nbronca i gips (lice i nali\u010dje); f. 15 cm<br \/>\nSplit \/ Split<\/p>\n<p>KOVANI NOVAC \u201eJuraj Julije Klovi\u0107\u201c, 1998.<br \/>\nbronca i gips (lice i nali\u010dje); f. 15 cm<br \/>\nSplit \/ Split<\/p>\n<p>KOVANI NOVAC \u201eKatarina Zrinska\u201c, 1998.<br \/>\ngips (lice i nali\u010dje); f. 15 cm; nije izveden<br \/>\nSplit \/ Split<\/p>\n<p><a href=\"http:\/\/kuzma-kovacic.from.hr\/files\/2016\/12\/10_2.jpg\">KOVANI NOVAC \u201eIvana Brli\u0107- Ma\u017eurani\u0107\u201c<\/a>, 1998.<br \/>\nbronca (lice) i gips (lice i nali\u010dje); f. 15 cm, nije izvedena \u00a0(n. 200 kn)<br \/>\nSplit \/ Hvar<\/p>\n<p>KOVANI NOVAC \u201eSlava Ra\u0161kaj\u201c, 1999.<br \/>\ngips (lice i nali\u010dje); f. 15 cm, nije izveden (n. \u00a0200 kn)<br \/>\nSplit\/ Split<\/p>\n<p>KOVANI NOVAC \u201eHrvatsko Podunavlje\u201c, 1999.<br \/>\ngips (lice i nali\u010dje); f. 15 cm, nije izveden (n. 25 kn)<br \/>\nSplit \/ Split<\/p>\n<p>KOVANI NOVAC \u201eVukovar\u201c, 1999.<br \/>\ngips (lice i nali\u010dje); f. 15 cm, nije izveden (n. \u00a025 kn)<br \/>\nSplit \/ Split<\/p>\n<p>KOVANI NOVAC \u201eHrvatski dr\u017eavni sabor\u201c, 2000.<br \/>\ngips (jedna strana); f. 15 cm; nominala 500 kn<br \/>\nSplit \/ Split<\/p>\n<p>MEDALJA \u201eMladomisni\u010dka medalja\u201c, 2001.<br \/>\ngips (lice i nali\u010dje); f. 15 cm<br \/>\nSplit \/ Split<\/p>\n<p>MEDALJA \u201eSto godina ro\u0111enja Ivana Me\u0161trovi\u0107a\u201c, 2003.<br \/>\ngips (lice i nali\u010dje); f. 15 cm<br \/>\nSplit \/ Split<\/p>\n<p>KOVANI NOVAC \u201eZimske Olimpijske igre 2006 u Italiji\u201c, 2006.<br \/>\ngips (lice i nali\u010dje); f. 15 cm<br \/>\nSplit \/ Split<\/p>\n<p>KOVANI NOVAC \u201eSvjetsko nogometno prvenstvo u Njema\u010dkoj 2006\u201c, 2006.<br \/>\ngips (lice i nali\u010dje); f. 15 cm<br \/>\nSplit \/ Split<\/p>\n<p><a href=\"http:\/\/kuzma-kovacic.from.hr\/files\/2016\/12\/15_2.jpg\">MEDALJA Portret kardinala Franje \u0160epera<\/a> (model za spomen plo\u010du), 2006.<br \/>\npe\u010dena zemlja; f. oko 20 cm<\/p>\n<p>MEDALJA Odli\u010dje Matice hrvatske \u201eGrof Janko Dra\u0161kovi\u0107\u201c, 2008.<br \/>\ngips (jednostrana); f. cca 10 cm<br \/>\nSplit \/ Matica hrvatska, Zagreb<\/p>\n<p>MEDALJA \u201eKr\u0161tenje\u201c, 2008.<br \/>\ngips (lice i nali\u010dje); f. 15 cm<br \/>\nSplit \/ Split<\/p>\n<p>Dekanski lanac Bogoslovnog fakulteta Sveu\u010dili\u0161ta u Splitu, 2009.<br \/>\ngips<br \/>\nSplit \/ Split<\/p>\n<p>KOVANI NOVAC \u201e\u010cipkarstvo u Hrvatskoj\u201c, 2010.<br \/>\ngips (lice i nali\u010dje); f. 15 cm, neizveden (n. 10 kn)<br \/>\nSplit \/ Split<\/p>\n<p>MEDALJA \u201eMati\u201c, 2010.\/11..<br \/>\ngips (lice i nali\u010dje); f. 15 cm<br \/>\nSplit \/ Split<\/p>\n<p>MEDALJA \u201eKrizma\u201c, 2010.\/11.<br \/>\ngips (lice i nali\u010dje); f. 15 cm<br \/>\nSplit \/ HNZ, Zagreb<\/p>\n<p>MEDALJA \u201e300 godina Sinjske alke\u201c, 2015.<br \/>\ngips (lice i nali\u010dje); f. 15 cm<br \/>\nSplit \/ Split<\/p>\n<p>MEDALJA \u201e20 godina Oluje\u201c, 2015.<br \/>\ngips (lice i nali\u010dje); f. 15 cm<br \/>\nSplit \/ HNZ, Zagreb<\/p>\n<p>MEDALJA \u201e Buvinine vratnice Splitske katedrale\u201c, 2016.<br \/>\ngips (lice i nali\u010dje); f. 9 i 30 cm<br \/>\nSplit \/ Split<\/p>\n<p>PLAKETA Splitske nadbiskupije, 2016.<br \/>\ngips<br \/>\nSplit \/ Split<\/p>\n","protected":false},"excerpt":{"rendered":"<p>a) IZVEDENI MEDALJA \u201eLiturgijska obnova u Hrvata\u201c, 1986. kovana, jednostrana (tombak, posrebrena, pozla\u0107ena); f. 6,6 cm Hvar \/ \u017dupa Hvar MEDALJA \u201e450 godina \u017dupe Vis\u201c, 1987. kovana, jednostrana (tombak, posrebrena, pozla\u0107ena); f. 6,2 cm Hvar \/ \u017dupa Vis PLAKETA \u201eVratnice &hellip; <a href=\"http:\/\/kuzma-kovacic.from.hr\/?page_id=123\">Nastavi \u010ditati <span class=\"meta-nav\">&rarr;<\/span><\/a><\/p>\n","protected":false},"author":1627,"featured_media":0,"parent":0,"menu_order":0,"comment_status":"closed","ping_status":"closed","template":"","meta":{"ngg_post_thumbnail":0},"yoast_head":"<!-- This site is optimized with the Yoast SEO plugin v17.5 - https:\/\/yoast.com\/wordpress\/plugins\/seo\/ -->\n<meta name=\"robots\" content=\"index, follow, max-snippet:-1, max-image-preview:large, max-video-preview:-1\" \/>\n<link rel=\"canonical\" href=\"http:\/\/kuzma-kovacic.from.hr\/?page_id=123\" \/>\n<meta property=\"og:locale\" content=\"hr_HR\" \/>\n<meta property=\"og:type\" content=\"article\" \/>\n<meta property=\"og:title\" content=\"Kovani novac, medalje i plakete - Kuzma Kova\u010di\u0107\" \/>\n<meta property=\"og:description\" content=\"a) IZVEDENI MEDALJA \u201eLiturgijska obnova u Hrvata\u201c, 1986. kovana, jednostrana (tombak, posrebrena, pozla\u0107ena); f. 6,6 cm Hvar \/ \u017dupa Hvar MEDALJA \u201e450 godina \u017dupe Vis\u201c, 1987. kovana, jednostrana (tombak, posrebrena, pozla\u0107ena); f. 6,2 cm Hvar \/ \u017dupa Vis PLAKETA \u201eVratnice &hellip; Nastavi \u010ditati &rarr;\" \/>\n<meta property=\"og:url\" content=\"http:\/\/kuzma-kovacic.from.hr\/?page_id=123\" \/>\n<meta property=\"og:site_name\" content=\"Kuzma Kova\u010di\u0107\" \/>\n<meta property=\"article:modified_time\" content=\"2016-12-28T22:15:46+00:00\" \/>\n<meta name=\"twitter:card\" content=\"summary\" \/>\n<meta name=\"twitter:label1\" content=\"Procijenjeno vrijeme \u010ditanja\" \/>\n\t<meta name=\"twitter:data1\" content=\"7 minuta\" \/>\n<script type=\"application\/ld+json\" class=\"yoast-schema-graph\">{\"@context\":\"https:\/\/schema.org\",\"@graph\":[{\"@type\":\"WebSite\",\"@id\":\"http:\/\/kuzma-kovacic.from.hr\/#website\",\"url\":\"http:\/\/kuzma-kovacic.from.hr\/\",\"name\":\"Kuzma Kova\\u010di\\u0107\",\"description\":\"akademski kipar\",\"potentialAction\":[{\"@type\":\"SearchAction\",\"target\":{\"@type\":\"EntryPoint\",\"urlTemplate\":\"http:\/\/kuzma-kovacic.from.hr\/?s={search_term_string}\"},\"query-input\":\"required name=search_term_string\"}],\"inLanguage\":\"hr\"},{\"@type\":\"WebPage\",\"@id\":\"http:\/\/kuzma-kovacic.from.hr\/?page_id=123#webpage\",\"url\":\"http:\/\/kuzma-kovacic.from.hr\/?page_id=123\",\"name\":\"Kovani novac, medalje i plakete - Kuzma Kova\\u010di\\u0107\",\"isPartOf\":{\"@id\":\"http:\/\/kuzma-kovacic.from.hr\/#website\"},\"datePublished\":\"2016-12-25T16:54:40+00:00\",\"dateModified\":\"2016-12-28T22:15:46+00:00\",\"breadcrumb\":{\"@id\":\"http:\/\/kuzma-kovacic.from.hr\/?page_id=123#breadcrumb\"},\"inLanguage\":\"hr\",\"potentialAction\":[{\"@type\":\"ReadAction\",\"target\":[\"http:\/\/kuzma-kovacic.from.hr\/?page_id=123\"]}]},{\"@type\":\"BreadcrumbList\",\"@id\":\"http:\/\/kuzma-kovacic.from.hr\/?page_id=123#breadcrumb\",\"itemListElement\":[{\"@type\":\"ListItem\",\"position\":1,\"name\":\"Home\",\"item\":\"http:\/\/kuzma-kovacic.from.hr\/\"},{\"@type\":\"ListItem\",\"position\":2,\"name\":\"Kovani novac, medalje i plakete\"}]}]}<\/script>\n<!-- \/ Yoast SEO plugin. -->","yoast_head_json":{"robots":{"index":"index","follow":"follow","max-snippet":"max-snippet:-1","max-image-preview":"max-image-preview:large","max-video-preview":"max-video-preview:-1"},"canonical":"http:\/\/kuzma-kovacic.from.hr\/?page_id=123","og_locale":"hr_HR","og_type":"article","og_title":"Kovani novac, medalje i plakete - Kuzma Kova\u010di\u0107","og_description":"a) IZVEDENI MEDALJA \u201eLiturgijska obnova u Hrvata\u201c, 1986. kovana, jednostrana (tombak, posrebrena, pozla\u0107ena); f. 6,6 cm Hvar \/ \u017dupa Hvar MEDALJA \u201e450 godina \u017dupe Vis\u201c, 1987. kovana, jednostrana (tombak, posrebrena, pozla\u0107ena); f. 6,2 cm Hvar \/ \u017dupa Vis PLAKETA \u201eVratnice &hellip; Nastavi \u010ditati &rarr;","og_url":"http:\/\/kuzma-kovacic.from.hr\/?page_id=123","og_site_name":"Kuzma Kova\u010di\u0107","article_modified_time":"2016-12-28T22:15:46+00:00","twitter_card":"summary","twitter_misc":{"Procijenjeno vrijeme \u010ditanja":"7 minuta"},"schema":{"@context":"https:\/\/schema.org","@graph":[{"@type":"WebSite","@id":"http:\/\/kuzma-kovacic.from.hr\/#website","url":"http:\/\/kuzma-kovacic.from.hr\/","name":"Kuzma Kova\u010di\u0107","description":"akademski kipar","potentialAction":[{"@type":"SearchAction","target":{"@type":"EntryPoint","urlTemplate":"http:\/\/kuzma-kovacic.from.hr\/?s={search_term_string}"},"query-input":"required name=search_term_string"}],"inLanguage":"hr"},{"@type":"WebPage","@id":"http:\/\/kuzma-kovacic.from.hr\/?page_id=123#webpage","url":"http:\/\/kuzma-kovacic.from.hr\/?page_id=123","name":"Kovani novac, medalje i plakete - Kuzma Kova\u010di\u0107","isPartOf":{"@id":"http:\/\/kuzma-kovacic.from.hr\/#website"},"datePublished":"2016-12-25T16:54:40+00:00","dateModified":"2016-12-28T22:15:46+00:00","breadcrumb":{"@id":"http:\/\/kuzma-kovacic.from.hr\/?page_id=123#breadcrumb"},"inLanguage":"hr","potentialAction":[{"@type":"ReadAction","target":["http:\/\/kuzma-kovacic.from.hr\/?page_id=123"]}]},{"@type":"BreadcrumbList","@id":"http:\/\/kuzma-kovacic.from.hr\/?page_id=123#breadcrumb","itemListElement":[{"@type":"ListItem","position":1,"name":"Home","item":"http:\/\/kuzma-kovacic.from.hr\/"},{"@type":"ListItem","position":2,"name":"Kovani novac, medalje i plakete"}]}]}},"_links":{"self":[{"href":"http:\/\/kuzma-kovacic.from.hr\/index.php?rest_route=\/wp\/v2\/pages\/123"}],"collection":[{"href":"http:\/\/kuzma-kovacic.from.hr\/index.php?rest_route=\/wp\/v2\/pages"}],"about":[{"href":"http:\/\/kuzma-kovacic.from.hr\/index.php?rest_route=\/wp\/v2\/types\/page"}],"author":[{"embeddable":true,"href":"http:\/\/kuzma-kovacic.from.hr\/index.php?rest_route=\/wp\/v2\/users\/1627"}],"replies":[{"embeddable":true,"href":"http:\/\/kuzma-kovacic.from.hr\/index.php?rest_route=%2Fwp%2Fv2%2Fcomments&post=123"}],"version-history":[{"count":11,"href":"http:\/\/kuzma-kovacic.from.hr\/index.php?rest_route=\/wp\/v2\/pages\/123\/revisions"}],"predecessor-version":[{"id":526,"href":"http:\/\/kuzma-kovacic.from.hr\/index.php?rest_route=\/wp\/v2\/pages\/123\/revisions\/526"}],"wp:attachment":[{"href":"http:\/\/kuzma-kovacic.from.hr\/index.php?rest_route=%2Fwp%2Fv2%2Fmedia&parent=123"}],"curies":[{"name":"wp","href":"https:\/\/api.w.org\/{rel}","templated":true}]}}